s 623566 a multiple of 146?
True
Does 50 divide 1358200?
True
Does 248 divide 1724592?
True
Is 218880 a multiple of 48?
True
Does 34 divide 161238?
False
Does 284 divide 315852?
False
Does 74 divide 839382?
True
Is 60 a factor of 277680?
True
Does 31 divide 282658?
True
Is 39 a factor of 84295?
False
Is 23 a factor of 18095303?
False
Is 35240282 a multiple of 32?
False
Is 115552 a multiple of 37?
False
Is 45908 a multiple of 23?
True
Is 8 a factor of 922544?
True
Is 2399994 a multiple of 453?
True
Is 173 a factor of 1565250?
False
Does 14 divide 141820?
True
Is 230840 a multiple of 116?
True
Is 481 a factor of 67821?
True
Is 13 a factor of 9971?
True
Is 1526464 a multiple of 46?
True
Is 67284 a multiple of 84?
True
Is 11 a factor of 73612?
True
Is 7275288 a multiple of 276?
False
Is 825572 a multiple of 116?
True
Is 35 a factor of 689621?
False
Is 195964 a multiple of 15?
False
Does 93 divide 605523?
True
Is 12822 a multiple of 2?
True
Does 2 divide 20956?
True
Is 171 a factor of 22460961?
False
Is 21632 a multiple of 208?
True
Is 3263302 a multiple of 102?
False
Does 634 divide 253600?
True
Does 74 divide 8300998?
False
Is 6 a factor of 3980412?
True
Is 2291632 a multiple of 632?
True
Does 41 divide 693925?
True
Is 17 a factor of 14172696?
True
Is 642382 a multiple of 47?
False
Does 18 divide 641250?
True
Is 4543874 a multiple of 8?
False
Is 13 a factor of 14049373?
True
Is 2644943 a multiple of 1013?
True
Is 48 a factor of 658478?
False
Is 18 a factor of 12240?
True
Does 9 divide 31050?
True
Is 35 a factor of 226520?
True
Is 295 a factor of 553443?
False
Is 144 a factor of 554169?
False
Does 21 divide 1729832?
False
Does 340 divide 1559240?
True
Is 3768615 a multiple of 415?
True
Is 41 a factor of 214124?
False
Is 16 a factor of 295200?
True
Is 7 a factor of 134087?
False
Does 40 divide 551080?
True
Does 17 divide 10880425?
True
Does 11 divide 863324?
True
Does 36 divide 294732?
True
Does 208 divide 214864?
True
Is 1902160 a multiple of 104?
True
Is 2 a factor of 131955?
False
Does 19 divide 309563?
False
Does 114 divide 861384?
True
Does 20 divide 1467597?
False
Does 21 divide 372151?
False
Is 5740647 a multiple of 930?
False
Is 20512596 a multiple of 52?
True
Is 183245 a multiple of 67?
True
Is 34 a factor of 7196786?
False
Is 498942 a multiple of 181?
False
Is 3 a factor of 1062?
True
Is 1434 a factor of 889383?
False
Is 19 a factor of 372989?
True
Is 10 a factor of 29990?
True
Does 32 divide 6836096?
True
Does 86 divide 12273887?
False
Is 177412 a multiple of 113?
False
Is 26479277 a multiple of 1670?
False
Is 178 a factor of 109744?
False
Is 214 a factor of 121338?
True
Is 1988239 a multiple of 53?
False
Does 23 divide 854698?
False
Is 1552480 a multiple of 8?
True
Is 648876 a multiple of 12?
True
Is 42 a factor of 719754?
True
Does 13 divide 214786?
True
Is 97 a factor of 291012?
False
Is 783950 a multiple of 10?
True
Does 25 divide 565625?
True
Is 937056 a multiple of 6?
True
Is 11 a factor of 4222152?
True
Is 1083168 a multiple of 16?
True
Does 33 divide 7358175?
True
Is 3819003 a multiple of 71?
False
Does 4 divide 16160?
True
Is 463557 a multiple of 573?
True
Does 166 divide 364204?
True
Is 198244 a multiple of 380?
False
Is 7 a factor of 866093?
False
Is 21 a factor of 3361638?
True
Does 91 divide 1108101?
False
Does 28 divide 2097620?
True
Does 105 divide 276557?
False
Does 963 divide 15520671?
True
Is 7322448 a multiple of 1406?
True
Is 956 a factor of 13691571?
False
Is 1326338 a multiple of 13?
True
Does 8 divide 72643?
False
Is 2294459 a multiple of 719?
False
Does 219 divide 409433?
False
Is 20 a factor of 85580?
True
Is 78 a factor of 6166401?
False
Is 5 a factor of 3192190?
True
Does 298 divide 568584?
True
Does 1034 divide 3822698?
True
Does 97 divide 205415?
False
Is 11536 a multiple of 8?
True
Is 34 a factor of 2830005?
False
Is 217 a factor of 6980456?
True
Is 72 a factor of 4004208?
True
Is 5 a factor of 3520?
True
Is 4686543 a multiple of 153?
True
Is 123764 a multiple of 29?
False
Does 183 divide 128466?
True
Is 47328 a multiple of 17?
True
Is 715 a factor of 148529?
False
Is 13 a factor of 629262?
False
Is 133 a factor of 565485?
False
Is 149 a factor of 1014229?
False
Is 17945 a multiple of 4?
False
Is 90447 a multiple of 7?
True
Is 3654 a multiple of 9?
True
Is 101 a factor of 200178?
False
Is 74 a factor of 23088?
True
Is 706 a factor of 1537668?
True
Does 13 divide 61102?
False
Does 170 divide 1607520?
True
Is 14 a factor of 177457?
False
Is 13044097 a multiple of 50?
False
Is 145162 a multiple of 153?
False
Is 206371 a multiple of 10?
False
Is 49 a factor of 4361196?
True
Is 220549 a multiple of 49?
True
Is 146102 a multiple of 58?
True
Is 8851789 a multiple of 33?
False
Is 1727476 a multiple of 1313?
False
Does 26 divide 299130?
True
Is 4 a factor of 357409?
False
Is 32543 a multiple of 14?
False
Is 15 a factor of 141562?
False
Is 478296 a multiple of 56?
True
Is 395 a factor of 495725?
True
Is 27 a factor of 2469906?
True
Is 175771 a multiple of 307?
False
Is 262359 a multiple of 79?
True
Is 54324 a multiple of 12?
True
Is 893 a factor of 3673439?
False
Is 228 a factor of 444227?
False
Is 1203384 a multiple of 104?
True
Is 6475275 a multiple of 75?
True
Is 13 a factor of 219388?
True
Does 37 divide 470744?
False
Is 333 a factor of 426917?
False
Does 3 divide 98791?
False
Is 631192 a multiple of 257?
True
Is 494320 a multiple of 148?
True
Is 6 a factor of 164939?
False
Does 1031 divide 934086?
True
Does 65 divide 677170?
True
Is 43486 a multiple of 23?
False
Does 264 divide 746165?
False
Does 6 divide 5452978?
False
Is 8524 a multiple of 87?
False
Is 1282561 a multiple of 7?
True
Is 5 a factor of 335390?
True
Does 79 divide 46926?
True
Is 824237 a multiple of 122?
False
Does 64 divide 677184?
True
Is 35 a factor of 390915?
True
Is 53 a factor of 134733?
False
Is 375 a factor of 687109?
False
Is 85 a factor of 1177990?
False
Is 5 a factor of 1520?
True
Is 23 a factor of 14982671?
False
Does 14 divide 6767768?
True
Does 37 divide 1888813?
True
Is 37 a factor of 276094?
True
Is 113 a factor of 280505?
False
Is 21 a factor of 134364?
False
Does 22 divide 69806?
True
Is 50660 a multiple of 22?
False
Does 90 divide 3630091?
False
Is 344 a factor of 229792?
True
Does 134 divide 86966?
True
Does 67 divide 64748?
False
Is 10 a factor of 132460?
True
Is 2089 a factor of 11638074?
False
Is 440560 a multiple of 10?
True
Is 689993 a multiple of 78?
False
Is 1047 a factor of 4095028?
False
Does 11 divide 152394?
True
Is 66 a factor of 1421788?
False
Does 5 divide 813760?
True
Is 13 a factor of 715718?
False
Is 18 a factor of 110070?
True
Is 75 a factor of 1684553?
False
Is 71816 a multiple of 4?
True
Is 6 a factor of 11121?
False
Is 9 a factor of 959850?
True
Does 110 divide 261690?
True
Is 33 a factor of 15695818?
False
Does 210 divide 100590?
True
Is 11 a factor of 1600258?
True
Is 17 a factor of 67017?
False
Does 14 divide 333466?
True
Is 16 a factor of 115792?
True
Is 3496 a multiple of 19?
True
Does 13 divide 1824485?
True
Is 9 a factor of 1766358?
True
Is 1368000 a multiple of 12?
True
Is 235 a factor of 209150?
True
Is 162837 a multiple of 407?
False
Is 206 a factor of 111590?
False
Does 2 divide 165086?
True
Is 418 a factor of 602709?
False
Is 118692 a multiple of 27?
True
Is 17 a factor of 19080?
False
Does 55 divide 413115?
False
Does 962 divide 2187588?
True
Does 130 divide 1323986?
False
Is 314643 a multiple of 27?
False
Is 745 a factor of 2958395?
True
Is 13 a factor of 760962?
False
Is 16 a factor of 87824?
True
Is 14 a factor of 193858?
True
Is 34 a factor of 100028?
True
Does 271 divide 10664?
False
Does 256 divide 596395?
False
Is 12 a factor of 1059984?
True
Is 56273 a multiple of 27?
False
Does 1006 divide 1360144?
False
Is 5388 a multiple of 6?
True
Is 1278448 a multiple of 128?
False
Does 42 divide 248427?
False
Does 5 divide 19712?
False
Is 39256 a multiple of 15?
False
Is 41 a factor of 118736?
True
Does 416 divide 1233440?
True
Is 83 a factor of 398234?
True
Is 87 a factor of 84912?
True
Does 852 divide 1976640?
True
Is 4941384 a multiple of 67?
True
Is 43910 a multiple of 3?
False
Is 459 a factor of 79836?
False
Is 17177000 a multiple of 89?
True
Does 557 divide 6110847?
True
Is 2954048 a mult